the hundreds digit of 12168?
1
What is the hundreds digit of 13817?
8
What is the units digit of 6088?
8
What is the ten thousands digit of 92323?
9
What is the units digit of 417?
7
What is the units digit of 25813?
3
What is the ten thousands digit of 15622?
1
What is the hundred thousands digit of 112185?
1
What is the units digit of 6514?
4
What is the units digit of 878?
8
What is the tens digit of 2723?
2
What is the units digit of 12515?
5
What is the hundreds digit of 348?
3
What is the tens digit of 8926?
2
What is the units digit of 50?
0
What is the tens digit of 971?
7
What is the thousands digit of 3795?
3
What is the units digit of 41689?
9
What is the tens digit of 2691?
9
What is the thousands digit of 32361?
2
What is the ten thousands digit of 24476?
2
What is the tens digit of 12?
1
What is the hundreds digit of 8967?
9
What is the units digit of 8359?
9
What is the tens digit of 3308?
0
What is the hundreds digit of 614?
6
What is the tens digit of 722?
2
What is the tens digit of 4573?
7
What is the units digit of 31034?
4
What is the thousands digit of 58953?
8
What is the units digit of 536?
6
What is the units digit of 64574?
4
What is the hundreds digit of 109755?
7
What is the tens digit of 36938?
3
What is the thousands digit of 63322?
3
What is the ten thousands digit of 30983?
3
What is the thousands digit of 7020?
7
What is the units digit of 10944?
4
What is the units digit of 79059?
9
What is the tens digit of 2909?
0
What is the thousands digit of 2090?
2
What is the hundreds digit of 528?
5
What is the thousands digit of 61322?
1
What is the thousands digit of 23429?
3
What is the thousands digit of 40149?
0
What is the tens digit of 183?
8
What is the ten thousands digit of 12832?
1
What is the hundreds digit of 7105?
1
What is the hundreds digit of 1558?
5
What is the hundreds digit of 35856?
8
What is the hundreds digit of 5014?
0
What is the tens digit of 113479?
7
What is the units digit of 1977?
7
What is the units digit of 18503?
3
What is the tens digit of 17437?
3
What is the thousands digit of 185191?
5
What is the tens digit of 31?
3
What is the ten thousands digit of 126094?
2
What is the units digit of 56240?
0
What is the tens digit of 7063?
6
What is the thousands digit of 4242?
4
What is the ten thousands digit of 43224?
4
What is the tens digit of 464?
6
What is the thousands digit of 5803?
5
What is the units digit of 755?
5
What is the units digit of 184?
4
What is the units digit of 435?
5
What is the tens digit of 13617?
1
What is the thousands digit of 2187?
2
What is the thousands digit of 8025?
8
What is the thousands digit of 3174?
3
What is the thousands digit of 13262?
3
What is the tens digit of 1260?
6
What is the thousands digit of 19549?
9
What is the tens digit of 1729?
2
What is the units digit of 3683?
3
What is the thousands digit of 40334?
0
What is the tens digit of 6322?
2
What is the thousands digit of 12237?
2
What is the tens digit of 70794?
9
What is the tens digit of 90375?
7
What is the ten thousands digit of 87683?
8
What is the thousands digit of 2802?
2
What is the hundreds digit of 978?
9
What is the units digit of 386?
6
What is the thousands digit of 21871?
1
What is the tens digit of 9272?
7
What is the hundreds digit of 2117?
1
What is the ten thousands digit of 117850?
1
What is the tens digit of 13650?
5
What is the thousands digit of 5220?
5
What is the thousands digit of 18488?
8
What is the thousands digit of 1107?
1
What is the tens digit of 1380?
8
What is the tens digit of 33943?
4
What is the tens digit of 7490?
9
What is the hundreds digit of 840?
8
What is the units digit of 80877?
7
What is the units digit of 4826?
6
What is the units digit of 7421?
1
What is the units digit of 6038?
8
What is the thousands digit of 3934?
3
What is the units digit of 249?
9
What is the units digit of 10058?
8
What is the tens digit of 5964?
6
What is the ten thousands digit of 14741?
1
What is the hundreds digit of 5942?
9
What is the hundreds digit of 27035?
0
What is the hundreds digit of 6375?
3
What is the hundreds digit of 11445?
4
What is the hundreds digit of 1933?
9
What is the thousands digit of 25603?
5
What is the ten thousands digit of 12876?
1
What is the hundred thousands digit of 117418?
1
What is the hundreds digit of 1941?
9
What is the tens digit of 31603?
0
What is the thousands digit of 5984?
5
What is the units digit of 3396?
6
What is the ten thousands digit of 46350?
4
What is the hundreds digit of 1605?
6
What is the thousands digit of 40818?
0
What is the hundreds digit of 16405?
4
What is the thousands digit of 1380?
1
What is the units digit of 6220?
0
What is the tens digit of 1218?
1
What is the tens digit of 1494?
9
What is the tens digit of 132837?
3
What is the units digit of 8613?
3
What is the tens digit of 7255?
5
What is the units digit of 22111?
1
What is the tens digit of 1057?
5
What is the hundreds digit of 7646?
6
What is the units digit of 2425?
5
What is the thousands digit of 54106?
4
What is the hundreds digit of 1336?
3
What is the thousands digit of 18749?
8
What is the tens digit of 2184?
8
What is the tens digit of 34270?
7
What is the units digit of 648?
8
What is the units digit of 6967?
7
What is the tens digit of 7630?
3
What is the tens digit of 3496?
9
What is the hundreds digit of 3421?
4
What is the units digit of 400?
0
What is the hundreds digit of 915?
9
What is the thousands digit of 6138?
6
What is the hundreds digit of 17495?
4
What is the units digit of 6546?
6
What is the tens digit of 7556?
5
What is the hundreds digit of 3187?
1
What is the hundreds digit of 1839?
8
What is the tens digit of 5504?
0
What is the thousands digit of 1530?
1
What is the tens digit of 1201?
0
What is the tens digit of 16846?
4
What is the units digit of 3205?
5
What is the hundreds digit of 36323?
3
What is the thousands digit of 5880?
5
What is the tens digit of 50?
5
What is the thousands digit of 8411?
8
What is the thousands digit of 2112?
2
What is the hundreds digit of 7514?
5
What is the hundreds digit of 39389?
3
What is the hundreds digit of 259?
2
What is the tens digit of 123183?
8
What is the hundreds digit of 1153?
1
What is the units digit of 782?
2
What is the units digit of 116513?
3
What is the thousands digit of 1412?
1
What is the thousands digit of 1300?
1
What is the hundreds digit of 97608?
6
What is the tens digit of 41509?
0
What is the thousands digit of 7314?
7
What is the hundreds digit of 234?
2
What is the hundreds digit of 285?
2
What is the thousands digit of 28815?
8
What is the thousands digit of 9162?
9
What is the ten thousands digit of 13188?
1
What is the ten thousands digit of 160205?
6
What is the units digit of 1564?
4
What is the tens digit of 2591?
9
What is the thousands digit of 7745?
7
What is the thousands digit of 1237?
1
What is the hundreds digit of 643?
6
What is the hundreds digit of 816?
8
What is the thousands digit of 1590?
1
What is the tens digit of 18?
1
What is the ten thousands digit of 101448?
0
What is the thousands digit of 54877?
4
What is the tens digit of 12988?
8
What is the hundreds digit of 115622?
6
What is the tens digit of 1212?
1
What is the tens digit of 858?
5
What is the hundreds digit of 105258?
2
What is the hundreds digit of 1607?
6
What is the hundreds digit of 22156?
1
What is the hundreds digit of 65928?
9
What is the ten thousands digit of 50963?
5
What is the hundreds digit of 22446?
4
What is the ten thousands digit of 18644?
1
What is the ten thousands digit of 25403?
2
What is the tens digit of 64936?
3
What is the units digit of 3775?
5
What is the units digit of 896?
6
What is the thousands digit of 6423?
6
What is the thousands digit of 5481?
5
What is the thousands digit of 25936?
5
What is the tens digit of 44678?
7
What is the tens digit of 5828?
2
What is the ten thousands digit of 14590?
1
What is the units digit of 1786?
6
What is the units digit of 132312?
2
What is the units digit of 39646?
6
What is the hundreds digit of 5098?
0
What is the thousands digit of 2335?
2
What is the hundreds digit of 2460?
4
What is the ten thousands digit of 88934?
8
What is the hundreds digit of 1594?
5
What is the units digit of 2078?
8